{"id":906,"date":"2021-07-13T10:34:49","date_gmt":"2021-07-13T10:34:49","guid":{"rendered":"https:\/\/salaevenimentecluj.ro\/?page_id=906"},"modified":"2021-07-28T11:46:57","modified_gmt":"2021-07-28T11:46:57","slug":"nunti","status":"publish","type":"page","link":"https:\/\/salaevenimentecluj.ro\/index.php\/nunti\/","title":{"rendered":"Nunti"},"content":{"rendered":"\t\t<div data-elementor-type=\"wp-page\" data-elementor-id=\"906\" class=\"elementor elementor-906\">\n\t\t\t\t\t\t<div class=\"elementor-inner\">\n\t\t\t\t<div class=\"elementor-section-wrap\">\n\t\t\t\t\t\t\t\t\t<section class=\"elementor-section elementor-top-section elementor-element elementor-element-37a856f elementor-section-boxed elementor-section-height-default elementor-section-height-default\" data-id=\"37a856f\" data-element_type=\"section\" data-settings=\"{&quot;background_background&quot;:&quot;classic&quot;}\">\n\t\t\t\t\t\t\t<div class=\"elementor-background-overlay\"><\/div>\n\t\t\t\t\t\t\t<div class=\"elementor-container elementor-column-gap-default\">\n\t\t\t\t\t\t\t<div class=\"elementor-row\">\n\t\t\t\t\t<div class=\"elementor-column elementor-col-100 elementor-top-column elementor-element elementor-element-a1608ef\" data-id=\"a1608ef\" data-element_type=\"column\">\n\t\t\t<div class=\"elementor-column-wrap elementor-element-populated\">\n\t\t\t\t\t\t\t<div class=\"elementor-widget-wrap\">\n\t\t\t\t\t\t<div class=\"elementor-element elementor-element-8b6e30f elementor-invisible elementor-widget elementor-widget-heading\" data-id=\"8b6e30f\" data-element_type=\"widget\" data-settings=\"{&quot;_animation&quot;:&quot;fadeInDown&quot;}\" data-widget_type=\"heading.default\">\n\t\t\t\t<div class=\"elementor-widget-container\">\n\t\t\t<h2 class=\"elementor-heading-title elementor-size-default\">Nun\u021bi<\/h2>\t\t<\/div>\n\t\t\t\t<\/div>\n\t\t\t\t<div class=\"elementor-element elementor-element-fa7ffb7 elementor-widget elementor-widget-heading\" data-id=\"fa7ffb7\" data-element_type=\"widget\" data-widget_type=\"heading.default\">\n\t\t\t\t<div class=\"elementor-widget-container\">\n\t\t\t<h2 class=\"elementor-heading-title elementor-size-default\">Cu Hotel Stil, visele devin realitate!<\/h2>\t\t<\/div>\n\t\t\t\t<\/div>\n\t\t\t\t<div class=\"elementor-element elementor-element-b231e2f elementor-widget elementor-widget-button\" data-id=\"b231e2f\" data-element_type=\"widget\" data-widget_type=\"button.default\">\n\t\t\t\t<div class=\"elementor-widget-container\">\n\t\t\t\t\t<div class=\"elementor-button-wrapper\">\n\t\t\t<a href=\"\/index.php\/contact\/\" class=\"elementor-button-link elementor-button elementor-size-sm\" role=\"button\">\n\t\t\t\t\t\t<span class=\"elementor-button-content-wrapper\">\n\t\t\t\t\t\t<span class=\"elementor-button-text\">CERE OFERTA<\/span>\n\t\t<\/span>\n\t\t\t\t\t<\/a>\n\t\t<\/div>\n\t\t\t\t<\/div>\n\t\t\t\t<\/div>\n\t\t\t\t\t\t<\/div>\n\t\t\t\t\t<\/div>\n\t\t<\/div>\n\t\t\t\t\t\t\t\t<\/div>\n\t\t\t\t\t<\/div>\n\t\t<\/section>\n\t\t\t\t<section class=\"elementor-section elementor-top-section elementor-element elementor-element-905c3c8 elementor-section-boxed elementor-section-height-default elementor-section-height-default\" data-id=\"905c3c8\" data-element_type=\"section\">\n\t\t\t\t\t\t<div class=\"elementor-container elementor-column-gap-default\">\n\t\t\t\t\t\t\t<div class=\"elementor-row\">\n\t\t\t\t\t<div class=\"elementor-column elementor-col-50 elementor-top-column elementor-element elementor-element-db36ddf elementor-invisible\" data-id=\"db36ddf\" data-element_type=\"column\" data-settings=\"{&quot;animation&quot;:&quot;fadeInLeft&quot;}\">\n\t\t\t<div class=\"elementor-column-wrap elementor-element-populated\">\n\t\t\t\t\t\t\t<div class=\"elementor-widget-wrap\">\n\t\t\t\t\t\t<div class=\"elementor-element elementor-element-2aca36b elementor-widget elementor-widget-heading\" data-id=\"2aca36b\" data-element_type=\"widget\" data-widget_type=\"heading.default\">\n\t\t\t\t<div class=\"elementor-widget-container\">\n\t\t\t<h2 class=\"elementor-heading-title elementor-size-default\">Nun\u021bi<\/h2>\t\t<\/div>\n\t\t\t\t<\/div>\n\t\t\t\t<div class=\"elementor-element elementor-element-e3250ac elementor-widget elementor-widget-text-editor\" data-id=\"e3250ac\" data-element_type=\"widget\" data-widget_type=\"text-editor.default\">\n\t\t\t\t<div class=\"elementor-widget-container\">\n\t\t\t\t\t\t\t\t<div class=\"elementor-text-editor elementor-clearfix\">\n\t\t\t\t<p>Hotel Stil \u00ee\u021bi asigur\u0103 o nunt\u0103 exact a\u0219a cum ai visat-o. Pentru ca nunta ta s\u0103 ias\u0103 exact cum \u021bi-ai imaginat-o, Hotel Stil \u00ee\u021bi pune la dispozi\u021bie o echip\u0103 de oameni profesioni\u0219ti, specializa\u021bi \u00een organizarea nun\u021bilor de poveste. Loca\u021bia noastr\u0103 este perfect\u0103 pentru realizarea evenimentelor private \u00eentr-un cadru de poveste unde emo\u021biile \u0219i tr\u0103irile se concretizeaz\u0103 \u00een cel mai memorabil eveniment pentru tine. Cadrul care te \u00eenconjoar\u0103 este unul rafinat, elegant, de basm, unde \u0219i cele mai mici detalii fac diferen\u021ba, conceput special pentru reu\u0219ita evenimentului t\u0103u. La Hotel Stil fiecare eveniment are parte de aten\u021bia, dedicarea, experien\u021ba, inventivitatea \u0219i profesionalismul nostru, pentru a reda \u00een totalitate dorin\u021bele, g\u00e2ndurile \u0219i nevoile clien\u021bilor no\u0219tri.<\/p>\t\t\t\t\t<\/div>\n\t\t\t\t\t\t<\/div>\n\t\t\t\t<\/div>\n\t\t\t\t\t\t<\/div>\n\t\t\t\t\t<\/div>\n\t\t<\/div>\n\t\t\t\t<div class=\"elementor-column elementor-col-50 elementor-top-column elementor-element elementor-element-a8052bc elementor-invisible\" data-id=\"a8052bc\" data-element_type=\"column\" data-settings=\"{&quot;animation&quot;:&quot;fadeInRight&quot;}\">\n\t\t\t<div class=\"elementor-column-wrap elementor-element-populated\">\n\t\t\t\t\t\t\t<div class=\"elementor-widget-wrap\">\n\t\t\t\t\t\t<div class=\"elementor-element elementor-element-25f739d elementor-widget elementor-widget-image\" data-id=\"25f739d\" data-element_type=\"widget\" data-widget_type=\"image.default\">\n\t\t\t\t<div class=\"elementor-widget-container\">\n\t\t\t\t\t\t\t\t<div class=\"elementor-image\">\n\t\t\t\t\t\t\t\t\t\t\t\t<img loading=\"lazy\" decoding=\"async\" width=\"1024\" height=\"683\" src=\"https:\/\/salaevenimentecluj.ro\/wp-content\/uploads\/2021\/07\/drew-coffman-llWjwo200fo-unsplash-1024x683.jpg\" class=\"attachment-large size-large\" alt=\"\" srcset=\"https:\/\/salaevenimentecluj.ro\/wp-content\/uploads\/2021\/07\/drew-coffman-llWjwo200fo-unsplash-1024x683.jpg 1024w, https:\/\/salaevenimentecluj.ro\/wp-content\/uploads\/2021\/07\/drew-coffman-llWjwo200fo-unsplash-300x200.jpg 300w, https:\/\/salaevenimentecluj.ro\/wp-content\/uploads\/2021\/07\/drew-coffman-llWjwo200fo-unsplash-768x512.jpg 768w, https:\/\/salaevenimentecluj.ro\/wp-content\/uploads\/2021\/07\/drew-coffman-llWjwo200fo-unsplash-1536x1024.jpg 1536w, https:\/\/salaevenimentecluj.ro\/wp-content\/uploads\/2021\/07\/drew-coffman-llWjwo200fo-unsplash-2048x1365.jpg 2048w\" sizes=\"auto, (max-width: 1024px) 100vw, 1024px\" \/>\t\t\t\t\t\t\t\t\t\t\t\t\t\t<\/div>\n\t\t\t\t\t\t<\/div>\n\t\t\t\t<\/div>\n\t\t\t\t\t\t<\/div>\n\t\t\t\t\t<\/div>\n\t\t<\/div>\n\t\t\t\t\t\t\t\t<\/div>\n\t\t\t\t\t<\/div>\n\t\t<\/section>\n\t\t\t\t<section class=\"elementor-section elementor-top-section elementor-element elementor-element-8e704a3 elementor-section-full_width elementor-section-height-default elementor-section-height-default\" data-id=\"8e704a3\" data-element_type=\"section\">\n\t\t\t\t\t\t<div class=\"elementor-container elementor-column-gap-no\">\n\t\t\t\t\t\t\t<div class=\"elementor-row\">\n\t\t\t\t\t<div class=\"elementor-column elementor-col-100 elementor-top-column elementor-element elementor-element-556a763\" data-id=\"556a763\" data-element_type=\"column\">\n\t\t\t<div class=\"elementor-column-wrap elementor-element-populated\">\n\t\t\t\t\t\t\t<div class=\"elementor-widget-wrap\">\n\t\t\t\t\t\t<div class=\"elementor-element elementor-element-1694bb9 elementor-arrows-position-inside elementor-widget elementor-widget-image-carousel\" data-id=\"1694bb9\" data-element_type=\"widget\" data-settings=\"{&quot;slides_to_show&quot;:&quot;3&quot;,&quot;navigation&quot;:&quot;arrows&quot;,&quot;autoplay&quot;:&quot;yes&quot;,&quot;pause_on_hover&quot;:&quot;yes&quot;,&quot;pause_on_interaction&quot;:&quot;yes&quot;,&quot;autoplay_speed&quot;:5000,&quot;infinite&quot;:&quot;yes&quot;,&quot;speed&quot;:500}\" data-widget_type=\"image-carousel.default\">\n\t\t\t\t<div class=\"elementor-widget-container\">\n\t\t\t\t\t<div class=\"elementor-image-carousel-wrapper swiper-container\" dir=\"ltr\">\n\t\t\t<div class=\"elementor-image-carousel swiper-wrapper\">\n\t\t\t\t\t\t\t\t<div class=\"swiper-slide\"><a data-elementor-open-lightbox=\"yes\" data-elementor-lightbox-slideshow=\"1694bb9\" data-elementor-lightbox-title=\"6-1024x683\" e-action-hash=\"#elementor-action%3Aaction%3Dlightbox%26settings%3DeyJpZCI6OTE2LCJ1cmwiOiJodHRwczpcL1wvc2FsYWV2ZW5pbWVudGVjbHVqLnJvXC93cC1jb250ZW50XC91cGxvYWRzXC8yMDIxXC8wN1wvNi0xMDI0eDY4My0xLmpwZyIsInNsaWRlc2hvdyI6IjE2OTRiYjkifQ%3D%3D\" href=\"https:\/\/salaevenimentecluj.ro\/wp-content\/uploads\/2021\/07\/6-1024x683-1.jpg\"><figure class=\"swiper-slide-inner\"><img decoding=\"async\" class=\"swiper-slide-image\" src=\"https:\/\/salaevenimentecluj.ro\/wp-content\/uploads\/2021\/07\/6-1024x683-1.jpg\" alt=\"6-1024x683\" \/><\/figure><\/a><\/div><div class=\"swiper-slide\"><a data-elementor-open-lightbox=\"yes\" data-elementor-lightbox-slideshow=\"1694bb9\" data-elementor-lightbox-title=\"7-1024x683\" e-action-hash=\"#elementor-action%3Aaction%3Dlightbox%26settings%3DeyJpZCI6OTE3LCJ1cmwiOiJodHRwczpcL1wvc2FsYWV2ZW5pbWVudGVjbHVqLnJvXC93cC1jb250ZW50XC91cGxvYWRzXC8yMDIxXC8wN1wvNy0xMDI0eDY4My0xLmpwZyIsInNsaWRlc2hvdyI6IjE2OTRiYjkifQ%3D%3D\" href=\"https:\/\/salaevenimentecluj.ro\/wp-content\/uploads\/2021\/07\/7-1024x683-1.jpg\"><figure class=\"swiper-slide-inner\"><img decoding=\"async\" class=\"swiper-slide-image\" src=\"https:\/\/salaevenimentecluj.ro\/wp-content\/uploads\/2021\/07\/7-1024x683-1.jpg\" alt=\"7-1024x683\" \/><\/figure><\/a><\/div><div class=\"swiper-slide\"><a data-elementor-open-lightbox=\"yes\" data-elementor-lightbox-slideshow=\"1694bb9\" data-elementor-lightbox-title=\"9-1024x683\" e-action-hash=\"#elementor-action%3Aaction%3Dlightbox%26settings%3DeyJpZCI6OTE4LCJ1cmwiOiJodHRwczpcL1wvc2FsYWV2ZW5pbWVudGVjbHVqLnJvXC93cC1jb250ZW50XC91cGxvYWRzXC8yMDIxXC8wN1wvOS0xMDI0eDY4My0xLmpwZyIsInNsaWRlc2hvdyI6IjE2OTRiYjkifQ%3D%3D\" href=\"https:\/\/salaevenimentecluj.ro\/wp-content\/uploads\/2021\/07\/9-1024x683-1.jpg\"><figure class=\"swiper-slide-inner\"><img decoding=\"async\" class=\"swiper-slide-image\" src=\"https:\/\/salaevenimentecluj.ro\/wp-content\/uploads\/2021\/07\/9-1024x683-1.jpg\" alt=\"9-1024x683\" \/><\/figure><\/a><\/div><div class=\"swiper-slide\"><a data-elementor-open-lightbox=\"yes\" data-elementor-lightbox-slideshow=\"1694bb9\" data-elementor-lightbox-title=\"10-1024x683\" e-action-hash=\"#elementor-action%3Aaction%3Dlightbox%26settings%3DeyJpZCI6OTE5LCJ1cmwiOiJodHRwczpcL1wvc2FsYWV2ZW5pbWVudGVjbHVqLnJvXC93cC1jb250ZW50XC91cGxvYWRzXC8yMDIxXC8wN1wvMTAtMTAyNHg2ODMtMS5qcGciLCJzbGlkZXNob3ciOiIxNjk0YmI5In0%3D\" href=\"https:\/\/salaevenimentecluj.ro\/wp-content\/uploads\/2021\/07\/10-1024x683-1.jpg\"><figure class=\"swiper-slide-inner\"><img decoding=\"async\" class=\"swiper-slide-image\" src=\"https:\/\/salaevenimentecluj.ro\/wp-content\/uploads\/2021\/07\/10-1024x683-1.jpg\" alt=\"10-1024x683\" \/><\/figure><\/a><\/div><div class=\"swiper-slide\"><a data-elementor-open-lightbox=\"yes\" data-elementor-lightbox-slideshow=\"1694bb9\" data-elementor-lightbox-title=\"11-1024x683\" e-action-hash=\"#elementor-action%3Aaction%3Dlightbox%26settings%3DeyJpZCI6OTIwLCJ1cmwiOiJodHRwczpcL1wvc2FsYWV2ZW5pbWVudGVjbHVqLnJvXC93cC1jb250ZW50XC91cGxvYWRzXC8yMDIxXC8wN1wvMTEtMTAyNHg2ODMtMS5qcGciLCJzbGlkZXNob3ciOiIxNjk0YmI5In0%3D\" href=\"https:\/\/salaevenimentecluj.ro\/wp-content\/uploads\/2021\/07\/11-1024x683-1.jpg\"><figure class=\"swiper-slide-inner\"><img decoding=\"async\" class=\"swiper-slide-image\" src=\"https:\/\/salaevenimentecluj.ro\/wp-content\/uploads\/2021\/07\/11-1024x683-1.jpg\" alt=\"11-1024x683\" \/><\/figure><\/a><\/div>\t\t\t<\/div>\n\t\t\t\t\t\t\t\t\t\t\t\t\t\t\t\t<div class=\"elementor-swiper-button elementor-swiper-button-prev\">\n\t\t\t\t\t\t<i aria-hidden=\"true\" class=\"eicon-chevron-left\"><\/i>\t\t\t\t\t\t<span class=\"elementor-screen-only\">Previous<\/span>\n\t\t\t\t\t<\/div>\n\t\t\t\t\t<div class=\"elementor-swiper-button elementor-swiper-button-next\">\n\t\t\t\t\t\t<i aria-hidden=\"true\" class=\"eicon-chevron-right\"><\/i>\t\t\t\t\t\t<span class=\"elementor-screen-only\">Next<\/span>\n\t\t\t\t\t<\/div>\n\t\t\t\t\t\t\t\t\t<\/div>\n\t\t\t\t<\/div>\n\t\t\t\t<\/div>\n\t\t\t\t\t\t<\/div>\n\t\t\t\t\t<\/div>\n\t\t<\/div>\n\t\t\t\t\t\t\t\t<\/div>\n\t\t\t\t\t<\/div>\n\t\t<\/section>\n\t\t\t\t<section class=\"elementor-section elementor-top-section elementor-element elementor-element-b75d2a5 elementor-section-boxed elementor-section-height-default elementor-section-height-default\" data-id=\"b75d2a5\" data-element_type=\"section\">\n\t\t\t\t\t\t<div class=\"elementor-container elementor-column-gap-default\">\n\t\t\t\t\t\t\t<div class=\"elementor-row\">\n\t\t\t\t\t<div class=\"elementor-column elementor-col-100 elementor-top-column elementor-element elementor-element-2dda3f3\" data-id=\"2dda3f3\" data-element_type=\"column\">\n\t\t\t<div class=\"elementor-column-wrap elementor-element-populated\">\n\t\t\t\t\t\t\t<div class=\"elementor-widget-wrap\">\n\t\t\t\t\t\t<div class=\"elementor-element elementor-element-38a6b94 elementor-testimonial--skin-default elementor-testimonial--layout-image_inline elementor-testimonial--align-center elementor-arrows-yes elementor-pagination-type-bullets elementor-widget elementor-widget-testimonial-carousel\" data-id=\"38a6b94\" data-element_type=\"widget\" data-settings=\"{&quot;show_arrows&quot;:&quot;yes&quot;,&quot;pagination&quot;:&quot;bullets&quot;,&quot;speed&quot;:500,&quot;autoplay&quot;:&quot;yes&quot;,&quot;autoplay_speed&quot;:5000,&quot;loop&quot;:&quot;yes&quot;,&quot;pause_on_hover&quot;:&quot;yes&quot;,&quot;pause_on_interaction&quot;:&quot;yes&quot;,&quot;space_between&quot;:{&quot;unit&quot;:&quot;px&quot;,&quot;size&quot;:10,&quot;sizes&quot;:[]},&quot;space_between_tablet&quot;:{&quot;unit&quot;:&quot;px&quot;,&quot;size&quot;:10,&quot;sizes&quot;:[]},&quot;space_between_mobile&quot;:{&quot;unit&quot;:&quot;px&quot;,&quot;size&quot;:10,&quot;sizes&quot;:[]}}\" data-widget_type=\"testimonial-carousel.default\">\n\t\t\t\t<div class=\"elementor-widget-container\">\n\t\t\t\t\t<div class=\"elementor-swiper\">\n\t\t\t<div class=\"elementor-main-swiper swiper-container\">\n\t\t\t\t<div class=\"swiper-wrapper\">\n\t\t\t\t\t\t\t\t\t\t\t<div class=\"swiper-slide\">\n\t\t\t\t\t\t\t\t\t<div class=\"elementor-testimonial\">\n\t\t\t\t\t\t\t<div class=\"elementor-testimonial__content\">\n\t\t\t\t\t<div class=\"elementor-testimonial__text\">\n\t\t\t\t\t\tRecomand din toata inima ,fiindca noi am fost in situatia de a organiza nunta in Cluj , la Hotel Stil ,locuind insa in Bucuresti , am mers pe incredere discutand clar si limpede cu domnul Cistelecan si cu sotia dansului si ma bucur ca am avut incredere , a iesit o nunta mult mai frumoasa decat ma asteptam . Am apreciat foarte mult flexibilitatea si ca ce s-a spus s-a si facut . Multumim mult si o sa revenim cu mare drag la dumneavoastra !\t\t\t\t\t<\/div>\n\t\t\t\t\t\t\t\t\t<\/div>\n\t\t\t\t\t\t<div class=\"elementor-testimonial__footer\">\n\t\t\t\t\t\t\t\t<cite class=\"elementor-testimonial__cite\"><span class=\"elementor-testimonial__name\">GHEORGHE POP<\/span><span class=\"elementor-testimonial__title\">7 NOIEMBRIE 2019<\/span><\/cite>\t\t\t<\/div>\n\t\t<\/div>\n\t\t\t\t\t\t\t\t<\/div>\n\t\t\t\t\t\t\t\t\t\t\t<div class=\"swiper-slide\">\n\t\t\t\t\t\t\t\t\t<div class=\"elementor-testimonial\">\n\t\t\t\t\t\t\t<div class=\"elementor-testimonial__content\">\n\t\t\t\t\t<div class=\"elementor-testimonial__text\">\n\t\t\t\t\t\tLocul perfect pentru organizarea unui eveniment, personal super amabil, saritor si eficient. Decoruri cu efectuate cu stil, eleganta si foarte mult bun gust, bucatari si mancare proaspata si exceptionala la gust, chef bucatar demn de cel putin trei stele Michlain. Ambient placut, curatenie exemplara, camere cochete cu privelisti de exceptie. Invitati mai mult decat multumiti de primire si servicii. Va iubim Hotel Stil, ramaneti locul si persoanele potrivite pentru evenimentele noastre special\t\t\t\t\t<\/div>\n\t\t\t\t\t\t\t\t\t<\/div>\n\t\t\t\t\t\t<div class=\"elementor-testimonial__footer\">\n\t\t\t\t\t\t\t\t<cite class=\"elementor-testimonial__cite\"><span class=\"elementor-testimonial__name\">LOREDANA MARIA BABA <\/span><span class=\"elementor-testimonial__title\">23 SEPTEMBRIE 2019<\/span><\/cite>\t\t\t<\/div>\n\t\t<\/div>\n\t\t\t\t\t\t\t\t<\/div>\n\t\t\t\t\t\t\t\t\t\t\t<div class=\"swiper-slide\">\n\t\t\t\t\t\t\t\t\t<div class=\"elementor-testimonial\">\n\t\t\t\t\t\t\t<div class=\"elementor-testimonial__content\">\n\t\t\t\t\t<div class=\"elementor-testimonial__text\">\n\t\t\t\t\t\tMii de mul\u021bumiri so\u021bilor Cistelecan! Mul\u021bumim pentru ajutorul oferit \u00een organizarea nun\u021bii! Am avut parte de cele mai bune servicii! Hotelul de nota 10*, m\u00e2ncarea la fel, sala superb\u0103! Cu siguran\u021b\u0103 vom apela la dumneavoastr\u0103 \u0219i pentru urm\u0103toarele evenimente! Ne-am sim\u021bit excelent \u0219i am fost trata\u021bi exact a\u0219a cum ne-am dorit! Sunte\u021bi un cuplu foarte dr\u0103gu\u021b, se vede ca \u0219ti\u021bi cum s\u0103 \u021bine\u021bi clien\u021bii aproape! Mul\u021bumim pentru tot!\t\t\t\t\t<\/div>\n\t\t\t\t\t\t\t\t\t<\/div>\n\t\t\t\t\t\t<div class=\"elementor-testimonial__footer\">\n\t\t\t\t\t\t\t\t<cite class=\"elementor-testimonial__cite\"><span class=\"elementor-testimonial__name\">CRISTIANA DUCA<\/span><span class=\"elementor-testimonial__title\">12 IULIE 2018<\/span><\/cite>\t\t\t<\/div>\n\t\t<\/div>\n\t\t\t\t\t\t\t\t<\/div>\n\t\t\t\t\t\t\t\t\t\t\t<div class=\"swiper-slide\">\n\t\t\t\t\t\t\t\t\t<div class=\"elementor-testimonial\">\n\t\t\t\t\t\t\t<div class=\"elementor-testimonial__content\">\n\t\t\t\t\t<div class=\"elementor-testimonial__text\">\n\t\t\t\t\t\tAm avut recent nunta la hotel Stil. Totul a fost extraordinar de bine! Mancare excelenta, servire ireprosabila, o sala deosebita, camere de hotel frumoase si, inca ceva ce este la fel de important, curatenie peste tot! Absolut nimic de reprosat, doar cuvinte de lauda! Recomand cu drag, sigur veti ramane cu o amintire deosebit de frumoasa, ca in cazul nostru!\t\t\t\t\t<\/div>\n\t\t\t\t\t\t\t\t\t<\/div>\n\t\t\t\t\t\t<div class=\"elementor-testimonial__footer\">\n\t\t\t\t\t\t\t\t<cite class=\"elementor-testimonial__cite\"><span class=\"elementor-testimonial__name\">ONET DANIELA<\/span><span class=\"elementor-testimonial__title\">10 IULIE 2017<\/span><\/cite>\t\t\t<\/div>\n\t\t<\/div>\n\t\t\t\t\t\t\t\t<\/div>\n\t\t\t\t\t\t\t\t\t\t\t<div class=\"swiper-slide\">\n\t\t\t\t\t\t\t\t\t<div class=\"elementor-testimonial\">\n\t\t\t\t\t\t\t<div class=\"elementor-testimonial__content\">\n\t\t\t\t\t<div class=\"elementor-testimonial__text\">\n\t\t\t\t\t\tAten\u021bie deosebita la detalii, sfaturi utile \u0219i m\u00e2ncare foarte buna! Invita\u021bi mul\u021bumi\u021bi \u0219i miri ferici\u021bi\u2026 Asa a fost nunta noastr\u0103 \u00een sala Baroc a hotelului Stil!\t\t\t\t\t<\/div>\n\t\t\t\t\t\t\t\t\t<\/div>\n\t\t\t\t\t\t<div class=\"elementor-testimonial__footer\">\n\t\t\t\t\t\t\t\t<cite class=\"elementor-testimonial__cite\"><span class=\"elementor-testimonial__name\">PAULA BOCOS<\/span><span class=\"elementor-testimonial__title\">22 AUGUST 2016<\/span><\/cite>\t\t\t<\/div>\n\t\t<\/div>\n\t\t\t\t\t\t\t\t<\/div>\n\t\t\t\t\t\t\t\t\t\t\t<div class=\"swiper-slide\">\n\t\t\t\t\t\t\t\t\t<div class=\"elementor-testimonial\">\n\t\t\t\t\t\t\t<div class=\"elementor-testimonial__content\">\n\t\t\t\t\t<div class=\"elementor-testimonial__text\">\n\t\t\t\t\t\tAcum 7 ani am fost impresionati de profesionalismul si serviciile Hotelului Stil participand ca invitati la o nunta in Salon Madrigal. In septembrie 2015 am hotarat sa ne realizam nunta in acelasi Salon Madrigal, care pare mai frumos, mai elegant azi. Multumim echipei Stil, pentru tot ajutorul dat, pentru serviciile impecabile si pentru meniul exceptional ales pentru ziua perfecta!\t\t\t\t\t<\/div>\n\t\t\t\t\t\t\t\t\t<\/div>\n\t\t\t\t\t\t<div class=\"elementor-testimonial__footer\">\n\t\t\t\t\t\t\t\t<cite class=\"elementor-testimonial__cite\"><span class=\"elementor-testimonial__name\">ALEXANDRA \u0218I ALEXANDER BRAIC<\/span><span class=\"elementor-testimonial__title\">27 SEPTEMBRIE 2015<\/span><\/cite>\t\t\t<\/div>\n\t\t<\/div>\n\t\t\t\t\t\t\t\t<\/div>\n\t\t\t\t\t\t\t\t\t<\/div>\n\t\t\t\t\t\t\t\t\t\t\t\t\t\t\t<div class=\"swiper-pagination\"><\/div>\n\t\t\t\t\t\t\t\t\t\t\t\t\t\t\t\t<div class=\"elementor-swiper-button elementor-swiper-button-prev\">\n\t\t\t\t\t\t\t<i class=\"eicon-chevron-left\" aria-hidden=\"true\"><\/i>\n\t\t\t\t\t\t\t<span class=\"elementor-screen-only\">Previous<\/span>\n\t\t\t\t\t\t<\/div>\n\t\t\t\t\t\t<div class=\"elementor-swiper-button elementor-swiper-button-next\">\n\t\t\t\t\t\t\t<i class=\"eicon-chevron-right\" aria-hidden=\"true\"><\/i>\n\t\t\t\t\t\t\t<span class=\"elementor-screen-only\">Next<\/span>\n\t\t\t\t\t\t<\/div>\n\t\t\t\t\t\t\t\t\t\t\t\t<\/div>\n\t\t<\/div>\n\t\t\t\t<\/div>\n\t\t\t\t<\/div>\n\t\t\t\t\t\t<\/div>\n\t\t\t\t\t<\/div>\n\t\t<\/div>\n\t\t\t\t\t\t\t\t<\/div>\n\t\t\t\t\t<\/div>\n\t\t<\/section>\n\t\t\t\t\t\t\t\t\t<\/div>\n\t\t\t<\/div>\n\t\t\t\t\t<\/div>\n\t\t","protected":false},"excerpt":{"rendered":"<p>Nun\u021bi Cu Hotel Stil, visele devin realitate! CERE OFERTA Nun\u021bi Hotel Stil \u00ee\u021bi asigur\u0103 o nunt\u0103 exact a\u0219a cum ai visat-o. Pentru ca nunta ta s\u0103 ias\u0103 exact cum \u021bi-ai imaginat-o, Hotel Stil \u00ee\u021bi pune la dispozi\u021bie o echip\u0103 de oameni profesioni\u0219ti, specializa\u021bi \u00een organizarea nun\u021bilor de poveste. Loca\u021bia noastr\u0103 este perfect\u0103 pentru realizarea evenimentelor &hellip;<\/p>\n<p class=\"read-more\"> <a class=\"\" href=\"https:\/\/salaevenimentecluj.ro\/index.php\/nunti\/\"> <span class=\"screen-reader-text\">Nunti<\/span> Read More &raquo;<\/a><\/p>\n","protected":false},"author":1,"featured_media":0,"parent":0,"menu_order":0,"comment_status":"closed","ping_status":"closed","template":"","meta":{"inline_featured_image":false,"footnotes":""},"class_list":["post-906","page","type-page","status-publish","hentry"],"aioseo_notices":[],"_links":{"self":[{"href":"https:\/\/salaevenimentecluj.ro\/index.php\/wp-json\/wp\/v2\/pages\/906","targetHints":{"allow":["GET"]}}],"collection":[{"href":"https:\/\/salaevenimentecluj.ro\/index.php\/wp-json\/wp\/v2\/pages"}],"about":[{"href":"https:\/\/salaevenimentecluj.ro\/index.php\/wp-json\/wp\/v2\/types\/page"}],"author":[{"embeddable":true,"href":"https:\/\/salaevenimentecluj.ro\/index.php\/wp-json\/wp\/v2\/users\/1"}],"replies":[{"embeddable":true,"href":"https:\/\/salaevenimentecluj.ro\/index.php\/wp-json\/wp\/v2\/comments?post=906"}],"version-history":[{"count":31,"href":"https:\/\/salaevenimentecluj.ro\/index.php\/wp-json\/wp\/v2\/pages\/906\/revisions"}],"predecessor-version":[{"id":1167,"href":"https:\/\/salaevenimentecluj.ro\/index.php\/wp-json\/wp\/v2\/pages\/906\/revisions\/1167"}],"wp:attachment":[{"href":"https:\/\/salaevenimentecluj.ro\/index.php\/wp-json\/wp\/v2\/media?parent=906"}],"curies":[{"name":"wp","href":"https:\/\/api.w.org\/{rel}","templated":true}]}}