{"id":1083,"date":"2021-07-15T08:43:42","date_gmt":"2021-07-15T08:43:42","guid":{"rendered":"https:\/\/salaevenimentecluj.ro\/?page_id=1083"},"modified":"2021-08-11T07:02:32","modified_gmt":"2021-08-11T07:02:32","slug":"despre-noi","status":"publish","type":"page","link":"https:\/\/salaevenimentecluj.ro\/index.php\/despre-noi\/","title":{"rendered":"Despre noi"},"content":{"rendered":"\t\t<div data-elementor-type=\"wp-page\" data-elementor-id=\"1083\" class=\"elementor elementor-1083\">\n\t\t\t\t\t\t<div class=\"elementor-inner\">\n\t\t\t\t<div class=\"elementor-section-wrap\">\n\t\t\t\t\t\t\t\t\t<section class=\"elementor-section elementor-top-section elementor-element elementor-element-37a856f elementor-section-boxed elementor-section-height-default elementor-section-height-default\" data-id=\"37a856f\" data-element_type=\"section\" data-settings=\"{&quot;background_background&quot;:&quot;classic&quot;}\">\n\t\t\t\t\t\t\t<div class=\"elementor-background-overlay\"><\/div>\n\t\t\t\t\t\t\t<div class=\"elementor-container elementor-column-gap-default\">\n\t\t\t\t\t\t\t<div class=\"elementor-row\">\n\t\t\t\t\t<div class=\"elementor-column elementor-col-100 elementor-top-column elementor-element elementor-element-a1608ef\" data-id=\"a1608ef\" data-element_type=\"column\">\n\t\t\t<div class=\"elementor-column-wrap elementor-element-populated\">\n\t\t\t\t\t\t\t<div class=\"elementor-widget-wrap\">\n\t\t\t\t\t\t<div class=\"elementor-element elementor-element-8b6e30f elementor-invisible elementor-widget elementor-widget-heading\" data-id=\"8b6e30f\" data-element_type=\"widget\" data-settings=\"{&quot;_animation&quot;:&quot;fadeInDown&quot;}\" data-widget_type=\"heading.default\">\n\t\t\t\t<div class=\"elementor-widget-container\">\n\t\t\t<h2 class=\"elementor-heading-title elementor-size-default\">Sala Evenimente Cluj<\/h2>\t\t<\/div>\n\t\t\t\t<\/div>\n\t\t\t\t<div class=\"elementor-element elementor-element-fa7ffb7 elementor-widget elementor-widget-heading\" data-id=\"fa7ffb7\" data-element_type=\"widget\" data-widget_type=\"heading.default\">\n\t\t\t\t<div class=\"elementor-widget-container\">\n\t\t\t<h2 class=\"elementor-heading-title elementor-size-default\">Despre noi<\/h2>\t\t<\/div>\n\t\t\t\t<\/div>\n\t\t\t\t<div class=\"elementor-element elementor-element-b231e2f elementor-widget elementor-widget-button\" data-id=\"b231e2f\" data-element_type=\"widget\" data-widget_type=\"button.default\">\n\t\t\t\t<div class=\"elementor-widget-container\">\n\t\t\t\t\t<div class=\"elementor-button-wrapper\">\n\t\t\t<a href=\"\/index.php\/contact\/\" class=\"elementor-button-link elementor-button elementor-size-sm\" role=\"button\">\n\t\t\t\t\t\t<span class=\"elementor-button-content-wrapper\">\n\t\t\t\t\t\t<span class=\"elementor-button-text\">CERE OFERTA<\/span>\n\t\t<\/span>\n\t\t\t\t\t<\/a>\n\t\t<\/div>\n\t\t\t\t<\/div>\n\t\t\t\t<\/div>\n\t\t\t\t\t\t<\/div>\n\t\t\t\t\t<\/div>\n\t\t<\/div>\n\t\t\t\t\t\t\t\t<\/div>\n\t\t\t\t\t<\/div>\n\t\t<\/section>\n\t\t\t\t<section class=\"elementor-section elementor-top-section elementor-element elementor-element-905c3c8 elementor-section-boxed elementor-section-height-default elementor-section-height-default\" data-id=\"905c3c8\" data-element_type=\"section\">\n\t\t\t\t\t\t<div class=\"elementor-container elementor-column-gap-default\">\n\t\t\t\t\t\t\t<div class=\"elementor-row\">\n\t\t\t\t\t<div class=\"elementor-column elementor-col-50 elementor-top-column elementor-element elementor-element-db36ddf elementor-invisible\" data-id=\"db36ddf\" data-element_type=\"column\" data-settings=\"{&quot;animation&quot;:&quot;fadeInLeft&quot;}\">\n\t\t\t<div class=\"elementor-column-wrap elementor-element-populated\">\n\t\t\t\t\t\t\t<div class=\"elementor-widget-wrap\">\n\t\t\t\t\t\t<div class=\"elementor-element elementor-element-e3250ac elementor-widget elementor-widget-text-editor\" data-id=\"e3250ac\" data-element_type=\"widget\" data-widget_type=\"text-editor.default\">\n\t\t\t\t<div class=\"elementor-widget-container\">\n\t\t\t\t\t\t\t\t<div class=\"elementor-text-editor elementor-clearfix\">\n\t\t\t\t<p>Prin dorin\u021ba de a evolua \u0219i prin dragostea pe care o purt\u0103m pentru organizarea de evenimente, Hotel Stil \u00ee\u021bi propune cele mai reu\u0219ite evenimente, precum nun\u021bi, botezuri \u0219i conferin\u021be. Suntem o echip\u0103 de oameni tineri, inventivi, pasionat\u0103 de gestionarea \u0219i realizarea evenimentelor tale, preg\u0103tit\u0103 s\u0103 accepte toate provoc\u0103rile noi ap\u0103rute pe parcursul parteneriatului nostru.<\/p><p>\u00a0Experien\u021ba vast\u0103 \u00een domeniul organiz\u0103rilor de evenimente, implicarea, profesionalismul \u0219i dedicarea sunt c\u00e2teva avantaje care ne deosebesc de concuren\u021ba actual\u0103. Hotel Stil prin experien\u021ba dob\u00e2ndit\u0103 pe parcursul anilor, a realizat evenimente multiple cu tematici diferite, create exact dup\u0103 a\u0219tept\u0103rile \u0219i dorin\u021bele clien\u021bilor. Cu Hotel Stil ideile tale devin realitate!<\/p>\t\t\t\t\t<\/div>\n\t\t\t\t\t\t<\/div>\n\t\t\t\t<\/div>\n\t\t\t\t\t\t<\/div>\n\t\t\t\t\t<\/div>\n\t\t<\/div>\n\t\t\t\t<div class=\"elementor-column elementor-col-50 elementor-top-column elementor-element elementor-element-a8052bc elementor-invisible\" data-id=\"a8052bc\" data-element_type=\"column\" data-settings=\"{&quot;animation&quot;:&quot;fadeInRight&quot;}\">\n\t\t\t<div class=\"elementor-column-wrap elementor-element-populated\">\n\t\t\t\t\t\t\t<div class=\"elementor-widget-wrap\">\n\t\t\t\t\t\t<div class=\"elementor-element elementor-element-25f739d elementor-widget elementor-widget-image\" data-id=\"25f739d\" data-element_type=\"widget\" data-widget_type=\"image.default\">\n\t\t\t\t<div class=\"elementor-widget-container\">\n\t\t\t\t\t\t\t\t<div class=\"elementor-image\">\n\t\t\t\t\t\t\t\t\t\t\t\t<img loading=\"lazy\" decoding=\"async\" width=\"1024\" height=\"683\" src=\"https:\/\/salaevenimentecluj.ro\/wp-content\/uploads\/2021\/08\/restaurant-nunta-royal-09-1024x683-1.jpg\" class=\"attachment-large size-large\" alt=\"\" srcset=\"https:\/\/salaevenimentecluj.ro\/wp-content\/uploads\/2021\/08\/restaurant-nunta-royal-09-1024x683-1.jpg 1024w, https:\/\/salaevenimentecluj.ro\/wp-content\/uploads\/2021\/08\/restaurant-nunta-royal-09-1024x683-1-300x200.jpg 300w, https:\/\/salaevenimentecluj.ro\/wp-content\/uploads\/2021\/08\/restaurant-nunta-royal-09-1024x683-1-768x512.jpg 768w\" sizes=\"auto, (max-width: 1024px) 100vw, 1024px\" \/>\t\t\t\t\t\t\t\t\t\t\t\t\t\t<\/div>\n\t\t\t\t\t\t<\/div>\n\t\t\t\t<\/div>\n\t\t\t\t\t\t<\/div>\n\t\t\t\t\t<\/div>\n\t\t<\/div>\n\t\t\t\t\t\t\t\t<\/div>\n\t\t\t\t\t<\/div>\n\t\t<\/section>\n\t\t\t\t\t\t\t\t\t<\/div>\n\t\t\t<\/div>\n\t\t\t\t\t<\/div>\n\t\t","protected":false},"excerpt":{"rendered":"<p>Sala Evenimente Cluj Despre noi CERE OFERTA Prin dorin\u021ba de a evolua \u0219i prin dragostea pe care o purt\u0103m pentru organizarea de evenimente, Hotel Stil \u00ee\u021bi propune cele mai reu\u0219ite evenimente, precum nun\u021bi, botezuri \u0219i conferin\u021be. Suntem o echip\u0103 de oameni tineri, inventivi, pasionat\u0103 de gestionarea \u0219i realizarea evenimentelor tale, preg\u0103tit\u0103 s\u0103 accepte toate provoc\u0103rile &hellip;<\/p>\n<p class=\"read-more\"> <a class=\"\" href=\"https:\/\/salaevenimentecluj.ro\/index.php\/despre-noi\/\"> <span class=\"screen-reader-text\">Despre noi<\/span> Read More &raquo;<\/a><\/p>\n","protected":false},"author":1,"featured_media":0,"parent":0,"menu_order":0,"comment_status":"closed","ping_status":"closed","template":"","meta":{"inline_featured_image":false,"footnotes":""},"class_list":["post-1083","page","type-page","status-publish","hentry"],"aioseo_notices":[],"_links":{"self":[{"href":"https:\/\/salaevenimentecluj.ro\/index.php\/wp-json\/wp\/v2\/pages\/1083","targetHints":{"allow":["GET"]}}],"collection":[{"href":"https:\/\/salaevenimentecluj.ro\/index.php\/wp-json\/wp\/v2\/pages"}],"about":[{"href":"https:\/\/salaevenimentecluj.ro\/index.php\/wp-json\/wp\/v2\/types\/page"}],"author":[{"embeddable":true,"href":"https:\/\/salaevenimentecluj.ro\/index.php\/wp-json\/wp\/v2\/users\/1"}],"replies":[{"embeddable":true,"href":"https:\/\/salaevenimentecluj.ro\/index.php\/wp-json\/wp\/v2\/comments?post=1083"}],"version-history":[{"count":25,"href":"https:\/\/salaevenimentecluj.ro\/index.php\/wp-json\/wp\/v2\/pages\/1083\/revisions"}],"predecessor-version":[{"id":1314,"href":"https:\/\/salaevenimentecluj.ro\/index.php\/wp-json\/wp\/v2\/pages\/1083\/revisions\/1314"}],"wp:attachment":[{"href":"https:\/\/salaevenimentecluj.ro\/index.php\/wp-json\/wp\/v2\/media?parent=1083"}],"curies":[{"name":"wp","href":"https:\/\/api.w.org\/{rel}","templated":true}]}}